0*z + 9054 = 0. Suppose -3*u - 238 = -2*u. Let c = u + z. Is c a prime number?
False
Let s(g) = -g**2 + 6*g + 9. Let o be s(7). Let u be o/2*(-5 + -11). Is (1 - 0)/(u/(-496)) composite?
False
Let q(s) = -83*s**3 - s**2 - 27*s - 107. Is q(-6) a composite number?
True
Let o(z) be the first derivative of 23/3*z**3 + 0*z**2 + 5 - z. Is o(-2) a composite number?
True
Let l(w) be the first derivative of 67*w**4/4 - w**3/3 + w**2/2 + 69. Suppose 0 = -5*r + 7 - 2. Is l(r) composite?
False
Let q be (-2)/(-3 - -1)*2. Suppose -5*d - 3*r = 253, 2*d - 5*r - q + 128 = 0. Let h = -31 - d. Is h composite?
True
Let l(g) = 7*g - 39. Let n be l(6). Suppose -4*h + 1148 + 1740 = 5*o, -h - n*o + 715 = 0. Is h a prime number?
True
Let d(m) = 2*m**2 + 6*m + 3. Suppose 0 = 10*j - 6*j - 60. Is d(j) a prime number?
False
Suppose -22*q = 7214 - 34560. Is q a prime number?
False
Let f(k) = k**2 + 6*k + 6. Let o be f(-11). Let n = o - -147. Let z = n + -121. Is z composite?
True
Suppose -40994 - 234496 = -18*t. Is t a composite number?
True
Suppose -8*x - 4*u = -11*x + 32, -16 = x + 4*u. Suppose -2*y + 1325 = 3*a, 451 = a - 0*a - x*y. Is a a prime number?
True
Let o(l) = -138*l + 22. Let z be o(-10). Suppose -28*s + 30*s - z = 0. Is s composite?
False
Suppose 30 = 15*x - 75. Let a(t) = 35*t + 6. Let o(n) = 35*n + 6. Let w(j) = 4*a(j) - 3*o(j). Is w(x) a composite number?
False
Let k = 14407 + -9894. Is k a prime number?
True
Let r be 4/(-6)*1 + 4066/(-57). Let l = 46 - r. Is l composite?
True
Suppose -45 = -4*h - 3*w, -4*w = 5*h + w - 55. Let y(q) = 36*q - 9. Let z be y(h). Let a = z - 274. Is a prime?
True
Let h(j) = -480*j - 1. Let s(c) = -480*c - 1. Let o(p) = 3*h(p) - 2*s(p). Is o(-1) prime?
True
Let c(a) = 17*a**2 + 5*a - 7. Let n be c(6). Suppose s - 508 = d - 5*d, -2*s - n = -5*d. Is d prime?
True
Is (-667954)/(-28) - 1/(-2)*-5 a composite number?
True
Suppose 3*o + 0*o + 4*q - 797 = 0, 3*q = -3. Let x(z) = z**3 + 10*z**2 - 11*z + 12. Let v be x(-12). Let y = v + o. Is y a composite number?
True
Let g be (7/2)/(3/(-12)). Let i be (g - 1)*1/(-1). Is (-2)/i + 29622/90 a composite number?
True
Suppose 6*q = 20037 - 8001. Let z = -967 + q. Is z a composite number?
False
Let c = -88 - -168. Suppose -8*v = 252 - 1044. Suppose f = -2*k + c + v, f - 4*k = 179. Is f prime?
True
Suppose 0 = -3*b + 2*k + 11, 3*b = -2*k + 6 + 1. Let r be 6/(-15) - b/5. Is (-1274)/(-14) + (r - 1) a composite number?
False
Let h = 78270 - 53417. Is h prime?
False
Let n = 22375 + 7608. Is n prime?
True
Is ((-11)/(-22))/((-1)/(1 - 6447)) a prime number?
False
Let u = -61 - -34. Let m = 144 - 218. Let v = u - m. Is v a composite number?
False
Let w = 9119 - -1374. Is w prime?
False
Let s(p) = 77*p - 90. Is s(4) a prime number?
False
Suppose 0*x + 2*x - 960 = 4*t, 0 = -3*x - 3*t + 1395. Let d = x - 73. Is d prime?
True
Is -3 + 12 + 19 + 29889 composite?
False
Let f(v) = v**3 + 88*v**2 + 53*v - 141. Is f(-58) prime?
False
Let z(w) = w**3 + 34*w**2 + 122*w + 12. Is z(-19) prime?
True
Suppose 151 = 29*g - 28*g. Let p = g + -69. Is p a composite number?
True
Let b(d) = -d**2 + 9*d + 32. Let y be b(12). Is 1*2*(-402)/y a prime number?
False
Let o(l) = 9*l**2 + 5*l + 13. Let c(p) = 10*p**2 + 5*p + 13. Let d(u) = -4*c(u) + 5*o(u). Is d(-7) a prime number?
True
Let a(f) = 21*f**3 + 9*f**2 - 3. Let d be a(-8). Let h = d - -14951. Is (-3)/(-18) - h/(-24) a prime number?
True
Let x be -2 + (1 - (11 - 4)). Let z be (x/(-6))/((-9)/(-27)). Suppose -99 - 49 = -z*j. Is j a composite number?
False
Let o(r) = 112*r**2 + 12*r + 1. Is o(9) a composite number?
False
Let r = -312 + 478. Suppose 0 = -3*n + r + 71. Is n a composite number?
False
Is 6*13017 + (-77)/(-33)*-3 composite?
True
Let l = -244 + 426. Let i(g) = -2*g**2 + 2*g - 2. Let y be i(2). Is 1 + l - (y + 4) prime?
False
Is (-5)/2*(-598830)/25 a composite number?
True
Suppose -994 = -2*u + 2980. Is u prime?
True
Let o(v) = -v**3 - 4*v**2 + 25*v + 3. Is o(-13) a prime number?
False
Let x be (34/8)/((-6)/24). Let m = x + 20. Suppose 0 = 3*o + 3*g - 42, -9 = -m*o - g + 27. Is o a composite number?
False
Suppose -s - 6 = -9. Suppose 2*q + 5*o + 187 = 5*q, s*q - 203 = o. Is q a composite number?
True
Suppose -3*t + 23 = 5*x, 0 = -t - 2*x + 1 + 5. Suppose 0 = -2*l - 3*p - 8, -p - t = 3*p. Suppose -5*i + 4*q + 615 = 2*q, -i - l*q = -123. Is i a prime number?
False
Suppose -248*m = -242*m - 19626. Is m a prime number?
True
Let d(s) = -s**2 - 5*s + 7. Let o be d(-6). Suppose -4*n - 9 = -o. Is 250 - (1 + n)*4 a prime number?
False
Suppose 0 = -2*o - 6, 5*o = i - 209 + 42. Suppose a + i = 3*a. Let p = 155 - a. Is p composite?
False
Let c(h) = -121*h**3 - 3*h**2 - 7*h - 20. Is c(-3) prime?
False
Suppose 4*t + r - 16 = 0, 0*r - 3*r + 6 = -2*t. Suppose t*d + 2 - 5 = 0. Let k(a) = 53*a. Is k(d) composite?
False
Let l(u) = 3300*u - 379. Is l(11) composite?
True
Suppose -d - 103 = -l, -3*l - 2*l = -d - 519. Let h(c) = -48*c**2 - 1. Let a be h(1). Let t = a + l. Is t a composite number?
True
Let h(w) = 362*w - 9. Suppose -a = 3*c - 2 - 2, 5*a = -5*c + 20. Is h(a) composite?
False
Suppose -u = -5*y - 20, -3*u + y + 3 = -1. Suppose -3*m + 620 = -4*s - u*m, -4*m = -5*s - 775. Let t = -28 - s. Is t a prime number?
True
Let f be 4 + 0 - (-1 - (0 - 1)). Suppose -706 = -f*t + 114. Is t a prime number?
False
Suppose 85 = 2*j + 509. Let f(t) = 2*t + 5. Let m be f(-4). Is j*4/(-11 - m) a prime number?
False
Suppose -1190878 = -13*u + 1165021. Is u prime?
False
Let r be 338/(-2) - (2 - (-1 + 5)). Suppose 1845 = -4*n - 411. Let x = r - n. Is x prime?
True
Let f = -18 + 21. Let b be 0 - 0 - f - -1452. Suppose -5*q - 4*n + b = 0, 3*n + 552 = 3*q - 339. Is q composite?
False
Suppose 81557 = 12*b - 164047. Is b prime?
False
Let j = -36430 + 52259. Is j composite?
True
Let v(z) = -z**3 - 13*z**2 - 8*z + 73. Is v(-14) prime?
False
Let o(g) = g**2 - 17*g + 95. Is o(52) a prime number?
False
Suppose -663*t = -657*t - 3156. Is t prime?
False
Let p(q) = -4*q**3 - 5*q**2 - 44*q - 39. Is p(-14) a prime number?
False
Is (-19507)/(-6) - (-20)/(-120) a prime number?
True
Let x(c) = -144*c - 2. Let l be x(-1). Suppose a - l = 531. Is a composite?
False
Let s = 10 - 9. Let q be s - ((1 - 3) + -151). Suppose 10*c = 8*c + q. Is c a composite number?
True
Let d(a) = -143*a. Suppose -4*n - 8 = 8. Let z be d(n). Suppose 2*u + z = 6*u. Is u composite?
True
Let x(j) = -12*j**2 - 3*j**2 - 142*j + 1 + 148*j. Let g be x(5). Let z = g + 631. Is z a prime number?
False
Let i = 7617 + 2024. Is i prime?
False
Let z(u) = 5*u + 90 - 2*u**2 + u**2 + 68 - 4*u. Is z(0) prime?
False
Suppose 14*f = 20*f - 24. Is (1*-1)/(f*2/(-264)) composite?
True
Is ((-12)/(-10))/((-24)/80) + 881 prime?
True
Is 8/20 - (378858/(-30) + 6) composite?
True
Suppose -m + 2*m - 4*y - 33382 = 0, 3*m = 2*y + 100116. Let s = -22565 + m. Is s prime?
False
Let k = 1603 + -298. Suppose -5*m + k = 415. Is m composite?
True
Suppose 6*v - 23 = 43. Suppose -1 + v = 5*d, 5*s + 2*d = 819. Is s a composite number?
False
Suppose -3*x + 52 = -2*q, 5*x - x - 72 = 4*q. Suppose 0 = -2*n + 3*n - x. Suppose 73 = 3*k + n. Is k composite?
False
Let c(a) = -a**3 + 17*a**2 - 32*a + 1. Let f be c(15). Let s = 644 - f. Is s prime?
True
Suppose 22*i - 19*i - 171018 = 5*f, 0 = -5*i + 4*f + 285043. Is i a prime number?
False
Let t(g) = 4*g**2 + 5*g - 2. Let c be (-3 - 0)*2/(-2). Is t(c) a composite number?
True
Let i(o) = 28*o - 2. Let v be i(1). Let a = 27 - v. Is ((a - -3) + -63)*-2 a prime number?
False
Let z = 3139 - 2108. Is z prime?
True
Let q(t) = 31*t**2 - 13*t - 21. Is q(-10) composite?
False
Let m = -88600 - -169685. Is m prime?
False
Let o be -1 - (-7)/9 - 116/(-36). Suppose o*p - 1142 = 889. Is p prime?
True
Let z = 233 + -572. Is (z/(-9) - -1) + (-1)/(-3) prime?
False
Let w = -3165 + 4708. Is w a prime number?
True
Let w be (20/6)/(2 - (-21)/(-9)). Let a(n) = 5*n**2 - n + 32. Is a(w) composite?
True
Suppose 2*w - 1 = w, 2*q - 5*w - 637 = 0. Suppose -187 = -4*j + q. Is j a prime number?
True
Let m = 619 + 645. Suppose -4*z = -2*n + m + 206, -z = n - 747. Is n a composite number?
False
Suppose 55 = 2*z + 9*z. Suppose 4*m - 6291 = z*w + 9140, -4*w + 4 = 0. Is m a composite number?
True
Is (66/18 - 3)*15063/2 a composite number?
False
Suppose 0 = -2*z + 3*z - 2*q -